{"id":206,"date":"2017-12-02T10:39:29","date_gmt":"2017-12-02T08:39:29","guid":{"rendered":"http:\/\/kiga-neuenheim.de\/?page_id=206"},"modified":"2025-08-21T14:43:52","modified_gmt":"2025-08-21T12:43:52","slug":"my-calendar","status":"publish","type":"page","link":"https:\/\/kiga-neuenheim.de\/?page_id=206","title":{"rendered":"Schlie\u00dfzeiten &#038; Termine"},"content":{"rendered":"\n<h2 class=\"wp-block-heading\">Schlie\u00dfzeiten und Termine 01.01.25 bis 31.12.2025<\/h2>\n\n\n\n<p><\/p>\n\n\n\n<div class=\"wp-block-image\"><figure class=\"aligncenter size-large\"><img loading=\"lazy\" decoding=\"async\" width=\"255\" height=\"197\" src=\"http:\/\/kiga-neuenheim.de\/wp-content\/uploads\/2020\/12\/grafik-1.png\" alt=\"\" class=\"wp-image-373\"\/><\/figure><\/div>\n\n\n\n<p>Mit einer t\u00e4glichen Betreuungszeit von 9,5 Stunden und einer geringen Schlie\u00dfzeit (max. 20 Schlie\u00dftage im Kindergartenjahr), bewerkstelligt der Kindergarten Neuenheim e.V. die Vereinbarkeit von Familie und Beruf.<\/p>\n\n\n\n<figure class=\"wp-block-table is-style-stripes\"><table><tbody><tr><td><strong>Wochentag\/Datum<\/strong> <strong>&nbsp;<\/strong><\/td><td><strong>Bezeichnung Schlie\u00dftag<\/strong><\/td><\/tr><tr><td><\/td><td>Faschingsfeier ( Schlie\u00dfen 14:00)<\/td><\/tr><tr><td><\/td><td>Osterfr\u00fchst\u00fcck ( Schlie\u00dfen 14:00)<\/td><\/tr><tr><td><\/td><td>Planungstag (f\u00fcr Kinder geschlossen)<\/td><\/tr><tr><td><\/td><td>Br\u00fcckentag<\/td><\/tr><tr><td><\/td><td>Sommerfest<\/td><\/tr><tr><td><\/td><td>Vorschul\u00fcbernachtung<\/td><\/tr><tr><td>Freitag 29.08.2025 <\/td><td>Schlie\u00dfen um 14:00<\/td><\/tr><tr><td>Montag 01.09.2025-<br>Freitag 12.09.2025 <\/td><td>Sommerschlie\u00dfzeit<\/td><\/tr><tr><td>Mittwoch 22.10.2025 <\/td><td>Herbstfr\u00fchst\u00fcck<\/td><\/tr><tr><td>Dienstag 11.11.2025<\/td><td>Laternenfest<\/td><\/tr><tr><td>Freitag 05.12.2025<\/td><td>Nikolausfr\u00fchst\u00fcck<\/td><\/tr><tr><td>Freitag 19.12.2025<\/td><td>Schlie\u00dfen um 14:00<\/td><\/tr><tr><td>Montag 22.12.2025<\/td><td>Planungstag (f\u00fcr Kinder geschlossen)<\/td><\/tr><tr><td>Dienstag 23.12.2025-<br>Freitag 02.01.2026<\/td><td>Winterschlie\u00dfzeit<\/td><\/tr><\/tbody><\/table><figcaption><br><\/figcaption><\/figure>\n\n\n\n<p>Nicht in der \u00dcbersicht ber\u00fccksichtigt sind die bundeseinheitlichen und baden-w\u00fcrttembergischen Feiertage, an denen die Einrichtung ebenfalls geschlossen bleibt.<\/p>\n\n\n\n<p>Grunds\u00e4tzlich schlie\u00dft der Kindergarten am letzten Tag vor den Sommerferien bereits um <strong>14:00 Uhr<\/strong>. Dar\u00fcber hinaus ist am Faschingsdienstag und am Gr\u00fcndonnerstag ebenfalls ab <strong>14:00 Uhr<\/strong> geschlossen.<\/p>\n\n\n\n<p>Genauere lnformationen erhalten Sie per Aushang und per E-mail.<\/p>\n","protected":false},"excerpt":{"rendered":"<p>Schlie\u00dfzeiten und Termine 01.01.25 bis 31.12.2025 Mit einer t\u00e4glichen Betreuungszeit von 9,5 Stunden und einer geringen Schlie\u00dfzeit (max. 20 Schlie\u00dftage im Kindergartenjahr), bewerkstelligt der Kindergarten Neuenheim e.V. die Vereinbarkeit von Familie und Beruf. Wochentag\/Datum &nbsp; Bezeichnung Schlie\u00dftag Faschingsfeier ( Schlie\u00dfen 14:00) Osterfr\u00fchst\u00fcck ( Schlie\u00dfen 14:00) Planungstag (f\u00fcr Kinder geschlossen) Br\u00fcckentag Sommerfest Vorschul\u00fcbernachtung Freitag 29.08.2025 Schlie\u00dfen [&hellip;]<\/p>\n","protected":false},"author":1,"featured_media":0,"parent":0,"menu_order":8,"comment_status":"closed","ping_status":"closed","template":"","meta":{"ngg_post_thumbnail":0,"footnotes":""},"class_list":["post-206","page","type-page","status-publish","hentry"],"_links":{"self":[{"href":"https:\/\/kiga-neuenheim.de\/index.php?rest_route=\/wp\/v2\/pages\/206","targetHints":{"allow":["GET"]}}],"collection":[{"href":"https:\/\/kiga-neuenheim.de\/index.php?rest_route=\/wp\/v2\/pages"}],"about":[{"href":"https:\/\/kiga-neuenheim.de\/index.php?rest_route=\/wp\/v2\/types\/page"}],"author":[{"embeddable":true,"href":"https:\/\/kiga-neuenheim.de\/index.php?rest_route=\/wp\/v2\/users\/1"}],"replies":[{"embeddable":true,"href":"https:\/\/kiga-neuenheim.de\/index.php?rest_route=%2Fwp%2Fv2%2Fcomments&post=206"}],"version-history":[{"count":38,"href":"https:\/\/kiga-neuenheim.de\/index.php?rest_route=\/wp\/v2\/pages\/206\/revisions"}],"predecessor-version":[{"id":500,"href":"https:\/\/kiga-neuenheim.de\/index.php?rest_route=\/wp\/v2\/pages\/206\/revisions\/500"}],"wp:attachment":[{"href":"https:\/\/kiga-neuenheim.de\/index.php?rest_route=%2Fwp%2Fv2%2Fmedia&parent=206"}],"curies":[{"name":"wp","href":"https:\/\/api.w.org\/{rel}","templated":true}]}}