{"id":80,"date":"2017-04-04T14:33:36","date_gmt":"2017-04-04T14:33:36","guid":{"rendered":"http:\/\/kiga-neuenheim.org\/?page_id=80"},"modified":"2021-03-07T07:52:58","modified_gmt":"2021-03-07T05:52:58","slug":"raeume-und-garten","status":"publish","type":"page","link":"https:\/\/kiga-neuenheim.de\/?page_id=80","title":{"rendered":"R\u00e4umlichkeiten &#038; Garten"},"content":{"rendered":"<p>Jede der drei Gruppen verf\u00fcgt \u00fcber einen gr\u00f6\u00dferen Hauptaufenthaltsraum und einen kleineren Zusatzraum, der als Funktionaraum zum Konstruieren und als Leseraum genutzt wird. Dazu kommt ein gro\u00dfer Flur, eine K\u00fcche, ein gro\u00dfz\u00fcgiges Kinderbad, eine Elterntoilette sowie das B\u00fcro im Erdgeschoss. Im ersten Stock befinden sich ein Turnraum, ein Atelier, eine weitere Kindertoilette, das Personal-WC sowie ein Personalraum\/Elterngespr\u00e4chszimmer.<\/p>\n<p>Im Garten bieten sich den Kindern zahlreiche Kletterm\u00f6glichkeiten, ein Ballspielplatz, ein Rutschenturm mit H\u00e4ngebr\u00fccke, ein Kaufladen. Ein Sandh\u00e4uschen und Sandkasten runden das Angebot ab. Au\u00dferdem gibt es einen wundersch\u00f6nen Magnolienbaum sowie Gem\u00fcse- und Blumenbeete, mit denen die Kinder die Natur erleben k\u00f6nnen.<\/p>\n<p>&nbsp;<\/p>\n<p>&nbsp;<\/p>\n\n\n<p><\/p>\n","protected":false},"excerpt":{"rendered":"<p>Jede der drei Gruppen verf\u00fcgt \u00fcber einen gr\u00f6\u00dferen Hauptaufenthaltsraum und einen kleineren Zusatzraum, der als Funktionaraum zum Konstruieren und als Leseraum genutzt wird. Dazu kommt ein gro\u00dfer Flur, eine K\u00fcche, ein gro\u00dfz\u00fcgiges Kinderbad, eine Elterntoilette sowie das B\u00fcro im Erdgeschoss. Im ersten Stock befinden sich ein Turnraum, ein Atelier, eine weitere Kindertoilette, das Personal-WC sowie [&hellip;]<\/p>\n","protected":false},"author":1,"featured_media":53,"parent":0,"menu_order":5,"comment_status":"closed","ping_status":"closed","template":"","meta":{"ngg_post_thumbnail":0,"footnotes":""},"class_list":["post-80","page","type-page","status-publish","has-post-thumbnail","hentry"],"_links":{"self":[{"href":"https:\/\/kiga-neuenheim.de\/index.php?rest_route=\/wp\/v2\/pages\/80","targetHints":{"allow":["GET"]}}],"collection":[{"href":"https:\/\/kiga-neuenheim.de\/index.php?rest_route=\/wp\/v2\/pages"}],"about":[{"href":"https:\/\/kiga-neuenheim.de\/index.php?rest_route=\/wp\/v2\/types\/page"}],"author":[{"embeddable":true,"href":"https:\/\/kiga-neuenheim.de\/index.php?rest_route=\/wp\/v2\/users\/1"}],"replies":[{"embeddable":true,"href":"https:\/\/kiga-neuenheim.de\/index.php?rest_route=%2Fwp%2Fv2%2Fcomments&post=80"}],"version-history":[{"count":9,"href":"https:\/\/kiga-neuenheim.de\/index.php?rest_route=\/wp\/v2\/pages\/80\/revisions"}],"predecessor-version":[{"id":413,"href":"https:\/\/kiga-neuenheim.de\/index.php?rest_route=\/wp\/v2\/pages\/80\/revisions\/413"}],"wp:featuredmedia":[{"embeddable":true,"href":"https:\/\/kiga-neuenheim.de\/index.php?rest_route=\/wp\/v2\/media\/53"}],"wp:attachment":[{"href":"https:\/\/kiga-neuenheim.de\/index.php?rest_route=%2Fwp%2Fv2%2Fmedia&parent=80"}],"curies":[{"name":"wp","href":"https:\/\/api.w.org\/{rel}","templated":true}]}}